t m(p) = -p**2 + p - 1. Let u(s) = k(s) - 2*m(s). What is the tens digit of u(-4)?
4
Let n be (-4)/(-14) - 24/(-14). Suppose 0 = -n*b + 2 + 10. Suppose -b = -3*g + 2*j, 0 = -2*g - j + 3*j + 4. What is the units digit of g?
2
Let i(m) = -m**3 - 3*m**2 - 2*m - 1. Let v be i(-3). Suppose 5*l - 23 = -f, -f - 14 = -v*l + f. What is the units digit of l?
4
What is the tens digit of (-1)/2*(-2 + -24)?
1
Suppose 0 = 4*k + 2*u - 3 - 13, -u - 2 = -3*k. Suppose k*i + 17 = 61. What is the units digit of i?
2
Let o = 26 - -5. What is the units digit of o?
1
Let w(p) = -p + 14. Let b be w(11). Suppose 4*z - 11 = 2*v + 3, b*v = -3*z + 15. Suppose 5*f - 4 = -q, q = 3*f + z*q. What is the units digit of f?
1
Let m(h) = h**3 - 6*h**2 + 7. Let x be m(5). Let u be -2*(1 - x/(-4)). Suppose -20 = -u*w + 2*w. What is the units digit of w?
4
Let t be (-4 + 3)*(-1 - 0). Suppose -2*s = -s - t. What is the units digit of s?
1
Suppose g = -1, 0 = 2*h - 4*g - 115 - 79. What is the units digit of h?
5
What is the units digit of (-28)/(-6)*24/2?
6
Suppose -2*a = -3*a + 110. Suppose 0 = -0*c + 2*c - a. Suppose -c = -3*k - k - 3*h, 0 = 4*k - 3*h - 73. What is the tens digit of k?
1
Let z(h) = -2*h - 3. Suppose -2*g - 2*y = 18, 0*y + 4*y = -16. What is the units digit of z(g)?
7
Suppose u + 1 = -7. Let s = 16 + u. What is the units digit of s?
8
Let w = 159 + -31. Suppose -w + 41 = -3*p + 3*g, 0 = g. What is the units digit of p?
9
Suppose -q - a = -70, -2*q - 6*a + 2*a = -136. What is the units digit of q?
2
Let z be 22/(-121) - (-466)/22. Suppose g - 12 = -3*d, 2*g + 0*g - z = -5*d. What is the units digit of d?
3
Suppose -4*c - 1 + 9 = 0. Let t(b) = 5*b - 5. What is the units digit of t(c)?
5
Suppose 3*p - 26 - 7 = 0. Let u = p - 10. What is the units digit of u?
1
Let j(i) = i + 7. Let n be j(-5). What is the tens digit of n/((-4)/(-6)) + 14?
1
Let z be (-2 + 1)*1 - -5. Suppose -3*p + 3*o = 0, 2*p - z*o - 3 = -11. Suppose -u = -6 - p. What is the units digit of u?
0
Let d(m) = -3*m**2 + m**2 + m**2 + m. Let g be d(1). Let i(u) = -u + 4. What is the units digit of i(g)?
4
Let w(o) = 4 - 6*o + 2*o - 2 - 4. What is the units digit of w(-2)?
6
Let i(r) = r**3 - 10*r**2 + 10*r - 12. Let y be i(9). Let q be y - (0 + 3)/(-3). Let b = q + 4. What is the units digit of b?
2
Let n be (-5)/(-2)*(-48)/40. Let g be (4 - 5)*(0 + n). Suppose -3*z - 16 = z, -60 = -4*m + g*z. What is the units digit of m?
2
Suppose 0 = -3*a - m - 427, a - 298 = 3*a + 4*m. Let u be a/(-27) - 6/27. Suppose 4*x - 5*c - 16 = 0, 4*c = x + 3*c - u. What is the units digit of x?
9
Suppose 0*z - 4*z = -740. What is the units digit of z?
5
Let b be (-4)/(-16) - 1/4. Suppose -3*n - 11 = 2*z - 0, -z - 4*n - 18 = b. Suppose -4*u + 6 = -2*t, -2*u + 4 = u - z*t. What is the units digit of u?
2
Let p = 5 + -8. Let k be (-2)/6 + (-4)/6. Let r = k - p. What is the units digit of r?
2
Suppose 4*h - 40 = -0*h. Suppose 0 = -2*b - 4*y + 16, h + 10 = -3*b + 5*y. Suppose b = -5*g - 6 + 46. What is the units digit of g?
8
What is the tens digit of ((-78)/(-4))/((-3)/(-8))?
5
Suppose -3*y = 32 + 4. What is the units digit of (-1)/(-2) + (-342)/y?
9
Suppose -3*j = -2*r - r, -3*j - 5 = -4*r. Suppose -4*z = -3*z - 7. Suppose -r*d - 5*w = -z + 22, 2*w = d - 9. What is the units digit of d?
1
Suppose -y - 5*a - 14 + 3 = 0, 0 = 4*y + a - 13. Suppose -7 = y*f + 17. What is the units digit of (5 - 2)/((-9)/f)?
2
Let f(g) = 11*g**2 - 2*g + 1. Let k be (4/6)/(22/33). What is the tens digit of f(k)?
1
Let h(t) = -6*t + 7. Let y be h(-5). Let g = -20 + y. What is the units digit of g?
7
Suppose 37 = 3*p - 47. What is the tens digit of p?
2
Suppose 0 = 2*q + 3*b, q - 4*q - 3*b = 0. Suppose 0 = 3*w - 1 - 2, -t - 2*w + 14 = q. What is the tens digit of t?
1
Let a(m) be the third derivative of -m**4/24 + m**3/6 - 2*m**2. Let f be a(-2). Suppose -f*v = 3*r - 21 - 3, -3*r = v - 30. What is the units digit of r?
1
Let g(b) be the first derivative of 3*b**2/2 + b + 3. Suppose 0 = 3*l + 1 - 4. What is the units digit of g(l)?
4
Suppose 5*f + 6 = -4. Let d be f + 2 - (1 - 3). Suppose 3*r - 2*k - 39 = 0, 26 = 3*r + d*k - 1. What is the tens digit of r?
1
Suppose 219 = 3*s - 3*b + 6*b, -2*b = -4. Let a = -45 + s. What is the units digit of a?
6
Suppose 3*v = 2*v + 27. Suppose 0 = w - 0*w - 4. Suppose -2*u + v = w*s - s, 5*u - 36 = -3*s. What is the units digit of s?
7
Suppose -14*p = -6*p - 1336. What is the tens digit of p?
6
Suppose 6*r = 9*r - 153. What is the tens digit of r?
5
Let h(q) = -q**3 - 8*q**2 + 23*q + 2. What is the units digit of h(-11)?
2
Suppose -2*s = -5 - 51. What is the units digit of s?
8
Let v(o) = -o**2 - o + 4. Let b be (-2 + (0 - -2))*-1. Let r be v(b). Suppose r = 3*n + 1. What is the units digit of n?
1
Suppose 5*d - d = -8. What is the tens digit of (1 - d) + (-1 - -24)?
2
Let i(o) = o**2 - 3*o - 5. What is the units digit of i(-5)?
5
What is the units digit of 47/7 + 14/49?
7
Let j(r) be the second derivative of r**5/20 - 2*r**4/3 - r**3/2 + 6*r**2 + 2*r. Let s be j(8). Let k = s + 18. What is the units digit of k?
6
Let u(f) = f**3 - 8*f**2 + 2*f - 12. Let k be u(8). Suppose 3*s + 6 = -k*l - 0, -3*l = -3*s + 15. What is the units digit of s?
2
Let x = -37 + 26. Let k = x + 12. What is the units digit of k?
1
What is the units digit of (-2)/(-12) + (-1923)/(-18)?
7
Suppose -2*t = -5*t. Suppose 2*r + 0 - 4 = t. What is the units digit of 1*5 - (2 - r)?
5
Suppose -2 = -2*l - 0*b - 4*b, 0 = -5*l + b + 16. Let w(g) = -g**3 + 5*g**2 - g - 4. What is the units digit of w(l)?
1
Suppose 5*i - 387 = -87. What is the tens digit of i?
6
Let s(c) = c**3 - 3*c**2 - 5*c - 12. What is the tens digit of s(5)?
1
Let s(r) be the second derivative of 0 - 1/6*r**3 - 1/2*r**2 - r. What is the units digit of s(-5)?
4
Let o(p) = -7*p + 5. Let u(j) = 3*j - 2. Let n(t) = 2*o(t) + 5*u(t). What is the units digit of n(2)?
2
Let a = -12 - -1. What is the units digit of (a + -1)/(-3) + 1?
5
Suppose -26 + 101 = 5*c. Suppose -2*y + y + c = 0. What is the tens digit of y?
1
Let n be 3/(109/(-56) - -2). Suppose 0*i - 2*i = 5*c - n, -2*c + 2*i = -28. What is the units digit of c?
2
Let n(t) be the first derivative of -t**4/4 + 2*t**3 - 2*t**2 + 2*t + 1. What is the units digit of n(4)?
8
What is the tens digit of -16*(-252)/(-32)*(-4)/3?
6
Let o(b) = 83*b + 17. What is the tens digit of o(2)?
8
What is the tens digit of -4*(-4)/16 + 82?
8
Let c = -3 - 10. Suppose -4*f - 5*m + 0*m + 97 = 0, m + 68 = 3*f. Let a = f + c. What is the tens digit of a?
1
Let a = 21 + -17. Suppose -3 + 43 = 3*m - 4*r, 62 = a*m - r. What is the tens digit of m?
1
Let i = 6 - 6. Suppose -5*n + 9 + 1 = i. What is the units digit of n?
2
Let d = -208 + 507. What is the tens digit of d?
9
Let t be (-9)/(-4) + 3/4. Suppose -27 = -5*s + 2*u, 3*u = -t - 0. What is the units digit of (-4)/(-20) - (-19)/s?
4
Let o(r) = r**2 - 4*r - 3. Let b be o(5). Suppose -5*x + b*x - 25 = -t, 3*t + 5*x - 19 = 0. What is the tens digit of t?
1
Suppose -a = -4*a + 333. What is the tens digit of a?
1
Let t(c) = c**3 + c**2 + c + 3. Let l be t(0). Suppose -a = -4*a + 12. Let o = a - l. What is the units digit of o?
1
Suppose 0*g - 5*g - 4*o = -10, g = -5*o + 2. Suppose 0*f - f = -g. Suppose -3*t - f*t + 15 = 0. What is the units digit of t?
3
Suppose 5*b - 2*b - 9 = 0. Suppose -12 = -2*p - 2*k, 0*p - b*p + 16 = k. Suppose -3 + 13 = p*h. What is the units digit of h?
2
Suppose 5*n = 2*d + 90, 29 = n - d + 8. What is the units digit of n?
6
Suppose -5 = 2*x - 41. What is the units digit of x?
8
Let j = -41 + 127. Suppose -2*y + 14 = -4*v, 4*v = -2*y + j - 32. What is the tens digit of y?
1
Suppose -3*l + 2*l = 2*w - 13, 4*l = -2*w + 4. What is the units digit of w?
8
What is the hundreds digit of 2434/6 - 88/(-66)?
4
Let a(j) be the second derivative of j**4/4 + j**2 - 2*j. What is the units digit of a(-2)?
4
Let u = 4 - 2. Let s = u + -2. Suppose s = -2*q + 5*q - 6. What is the units digit of q?
2
Let l(t) = t**3 - t**2 + 7. Let c be l(0). Let z(v) = 5*v**2 - v + 11. Let w(s) = s**2 - s + 1. Let a(f) = 6*w(f) - z(f). What is the units digit of a(c)?
9
Let b(j) = -4*j + 3. Suppose 3*m = -2*d + 47, 3*m + d - 3 - 43 = 0. Suppose 3*v + 2*v = -m. What is the units digit of b(v)?
5
Suppose 170 = p + 4*p. What i